127, 253153
What are the prime factors of 3639340168?
2, 454917521
What are the prime factors of 6232869932?
2, 127, 12269429
What are the prime factors of 448044926?
2, 7, 4571887
List the prime factors of 69625613.
163, 427151
What are the prime factors of 164142924?
2, 3, 11, 857, 1451
What are the prime factors of 25752469?
41, 227, 2767
List the prime factors of 340940113.
340940113
List the prime factors of 4583530491.
3, 1527843497
List the prime factors of 101387007.
3, 11265223
List the prime factors of 98395365.
3, 5, 6559691
List the prime factors of 706490330.
2, 5, 7, 13, 110909
List the prime factors of 57736486.
2, 23, 127, 9883
What are the prime factors of 1392623233?
1392623233
What are the prime factors of 1019475994?
2, 359, 1419883
What are the prime factors of 65018407?
65018407
What are the prime factors of 121657566?
2, 3, 73, 277757
What are the prime factors of 3062292215?
5, 23557, 25999
List the prime factors of 119495957.
7, 2438693
List the prime factors of 505247767.
467, 1081901
List the prime factors of 760140481.
5573, 136397
List the prime factors of 319494934.
2, 11, 211, 6257
What are the prime factors of 81678431?
81678431
What are the prime factors of 1075478141?
1075478141
What are the prime factors of 231386464?
2, 7230827
What are the prime factors of 135174701?
17, 7951453
List the prime factors of 6263741683.
151, 41481733
What are the prime factors of 5856919333?
5856919333
List the prime factors of 821619772.
2, 205404943
List the prime factors of 175149743.
175149743
What are the prime factors of 70543802?
2, 7, 1423, 3541
What are the prime factors of 2151241229?
113, 1301, 14633
List the prime factors of 449189113.
17, 2351, 11239
List the prime factors of 1225129063.
19, 23, 61, 45959
List the prime factors of 3236931055.
5, 647386211
List the prime factors of 13241946.
2, 3, 17, 197, 659
List the prime factors of 217678280.
2, 5, 31, 349, 503
List the prime factors of 5514746229.
3, 17, 36044093
List the prime factors of 106489002.
2, 3, 17748167
What are the prime factors of 85376638?
2, 29, 193, 263
What are the prime factors of 12302697?
3, 11, 372809
List the prime factors of 266265564.
2, 3, 22188797
What are the prime factors of 18700952?
2, 17, 137507
List the prime factors of 36523444.
2, 571, 15991
What are the prime factors of 2292894496?
2, 41, 1747633
What are the prime factors of 274323562?
2, 1693, 81017
What are the prime factors of 796519568?
2, 13, 29, 132049
What are the prime factors of 819639512?
2, 43, 55411
What are the prime factors of 272558956?
2, 197, 345887
List the prime factors of 126879844.
2, 7, 13, 348571
List the prime factors of 1171221286.
2, 563, 1040161
What are the prime factors of 3671621359?
7, 17, 73, 422657
List the prime factors of 546541707.
3, 19, 251, 38201
List the prime factors of 1498466741.
1031, 1453411
List the prime factors of 684677000.
2, 5, 7, 89, 157
List the prime factors of 289227189.
3, 271, 355753
What are the prime factors of 149701035?
3, 5, 11, 907279
What are the prime factors of 145414058?
2, 97, 749557
List the prime factors of 417429296.
2, 67, 439, 887
What are the prime factors of 772141052?
2, 193035263
List the prime factors of 410463897.
3, 19, 227, 31723
What are the prime factors of 1323726865?
5, 19, 13933967
What are the prime factors of 34036591?
34036591
List the prime factors of 1027873053.
3, 719, 158843
List the prime factors of 3331789377.
3, 7, 257, 617341
List the prime factors of 3659922861.
3, 7, 19, 9172739
List the prime factors of 709102513.
7, 101300359
What are the prime factors of 182536057?
11, 79, 210053
What are the prime factors of 14097588?
2, 3, 61, 19259
List the prime factors of 302526821.
302526821
List the prime factors of 3773984176.
2, 1013, 232847
List the prime factors of 17136743.
13, 1318211
List the prime factors of 635221061.
23, 27618307
List the prime factors of 49581807.
3, 11, 137, 997
What are the prime factors of 1909089668?
2, 59, 79, 102397
What are the prime factors of 9473221?
37, 256033
What are the prime factors of 1028125014?
2, 3, 7, 17, 71, 1193
List the prime factors of 83728848.
2, 3, 7, 97, 367
What are the prime factors of 175181862?
2, 3, 19, 1536683
List the prime factors of 85580104.
2, 19, 29633
List the prime factors of 256232123.
7, 1543, 3389
What are the prime factors of 2714224?
2, 169639
What are the prime factors of 447304131?
3, 257, 193387
List the prime factors of 929551691.
9419, 98689
List the prime factors of 39212419.
6247, 6277
What are the prime factors of 4153196595?
3, 5, 23, 47, 256133
List the prime factors of 683529035.
5, 7, 727, 26863
List the prime factors of 3209250194.
2, 1604625097
What are the prime factors of 873733334?
2, 1579, 276673
What are the prime factors of 142294299?
3, 7, 6775919
List the prime factors of 320980697.
10667, 30091
What are the prime factors of 30504585?
3, 5, 2033639
What are the prime factors of 1403436204?
2, 3, 173, 225343
List the prime factors of 182023842.
2, 3, 7, 11, 13, 30307
List the prime factors of 902129158.
2, 7, 19, 29, 83, 1409
What are the prime factors of 1182634464?
2, 3, 11, 83, 103, 131
What are the prime factors of 878200958?
2, 59, 7442381
What are the prime factors of 37179997?
5279, 7043
List the prime factors of 931743999.
3, 34509037
What are the prime factors of 1683238748?
2, 17, 71, 443, 787
List the prime factors of 67908700.
2, 5, 679087
List the prime factors of 1705277786.
2, 17, 50155229
What are the prime factors of 544615766?
2, 29, 9389927
What are the prime factors of 1387303787?
89, 15587683
List the prime factors of 4255975765.
5, 29, 29351557
What are the prime factors of 12221915?
5, 2444383
List the prime factors of 272655742.
2, 47, 821, 3533
List the prime factors of 219602986.
2, 109801493
What are the prime factors of 3724021474?
2, 157, 269, 44089
List the prime factors of 556793689.
19, 3659, 8009
List the prime factors of 220231284.
2, 3, 7, 13, 47, 613
List the prime factors of 143752823.
211, 681293
What are the prime factors of 587473197?
3, 195824399
What are the prime factors of 55762646?
2, 27881323
What are the prime factors of 2034215532?
2, 3, 877, 7159
List the prime factors of 152554662.
2, 3, 13, 651943
List the prime factors of 102677665.
5, 20535533
What are the prime factors of 31659679?
37, 855667
What are the prime factors of 2528541445?
5, 505708289
List the prime factors of 80682446.
2, 13, 3103171
List the prime factors of 1307237649.
3, 47, 2069, 4481
What are the prime factors of 303150692?
2, 13, 101, 197, 293
What are the prime factors of 1168309624?
2, 593, 246271
List the prime factors of 231145013.
11, 19, 47, 23531
List the prime factors of 2660215107.
3, 11, 80612579
What are the prime factors of 12470747?
811, 15377
List the prime factors of 1890111135.
3, 5, 11, 23, 498053
List the prime factors of 204337550.
2, 5, 4086751
What are the prime factors of 39485202?
2, 3, 1669, 3943
List the prime factors of 2152637567.
14389, 149603
What are the prime factors of 4514608934?
2, 11, 73, 2811089
What are the prime factors of 24572765?
5, 7, 100297
List the prime factors of 13968428.
2, 67, 52121
What are the prime factors of 2468402376?
2, 3, 11, 41, 228049
What are the prime factors of 49857659?
199, 1259
What are the prime factors of 14463482?
2, 11, 657431
What are the prime factors of 21645052?
2, 11, 13, 79, 479
What are the prime factors of 73701472?
2, 13, 177167
What are the prime factors of 149064459?
3, 97, 512249
List the prime factors of 93392636.
2, 4339, 5381
What are the prime factors of 33754084?
2, 7, 13, 47, 1973
List the prime factors of 99062633.
23, 107, 40253
List the prime factors of 7722083.
107, 72169
What are the prime factors of 156394994?
2, 7, 103, 108457
List the prime factors of 1212306417.
3, 7, 19242959
List the prime factors of 782002383.
3, 167, 1560883
What are the prime factors of 1175351844?
2, 3, 97945987
What are the prime factors of 83337129?
3, 9259681
What are the prime factors of 109002288?
2, 3, 487, 4663
What are the prime factors of 1440807206?
2, 18461, 39023
What are the prime factors of 68908714?
2, 7, 4922051
What are the prime factors of 1351212254?
2, 7, 29, 1109, 3001
What are